{"id":120,"date":"2013-01-23T10:35:35","date_gmt":"2013-01-23T09:35:35","guid":{"rendered":"http:\/\/jemten.se\/wp-content\/uploads\/2013\/01\/22.jpg"},"modified":"2013-01-23T10:35:35","modified_gmt":"2013-01-23T09:35:35","slug":"marta-jonsson-f-olsson-i-folkdrakt","status":"inherit","type":"attachment","link":"http:\/\/jemten.se\/?attachment_id=120","title":{"rendered":"M\u00e4rta J\u00f6nsson f. Olofsdotter (1902-1986)"},"author":1,"featured_media":0,"comment_status":"open","ping_status":"open","template":"","meta":{"_s2mail":"","ngg_post_thumbnail":0},"class_list":["post-120","attachment","type-attachment","status-inherit","hentry"],"description":{"rendered":"<p class=\"attachment\"><a href='http:\/\/jemten.se\/wp-content\/uploads\/2013\/01\/22.jpg'><img loading=\"lazy\" decoding=\"async\" width=\"195\" height=\"300\" src=\"http:\/\/jemten.se\/wp-content\/uploads\/2013\/01\/22-195x300.jpg\" class=\"attachment-medium size-medium\" alt=\"\" srcset=\"http:\/\/jemten.se\/wp-content\/uploads\/2013\/01\/22-195x300.jpg 195w, http:\/\/jemten.se\/wp-content\/uploads\/2013\/01\/22.jpg 520w\" sizes=\"auto, (max-width: 195px) 100vw, 195px\" \/><\/a><\/p>\n"},"caption":{"rendered":"<p>1928?. Tand. Dotter M\u00e4rta i folkdr\u00e4kt. (Thony) <a href=\"http:\/\/jemten.se\/?attachment_id=120\">Continue reading <span class=\"meta-nav\">&rarr;<\/span><\/a><\/p>\n"},"alt_text":"","media_type":"image","mime_type":"image\/jpeg","media_details":{"width":520,"height":800,"file":"2013\/01\/22.jpg","sizes":{"thumbnail":{"file":"22-150x150.jpg","width":150,"height":150,"mime_type":"image\/jpeg","source_url":"http:\/\/jemten.se\/wp-content\/uploads\/2013\/01\/22-150x150.jpg"},"medium":{"file":"22-195x300.jpg","width":195,"height":300,"mime_type":"image\/jpeg","source_url":"http:\/\/jemten.se\/wp-content\/uploads\/2013\/01\/22-195x300.jpg"},"full":{"file":"22.jpg","width":520,"height":800,"mime_type":"image\/jpeg","source_url":"http:\/\/jemten.se\/wp-content\/uploads\/2013\/01\/22.jpg"}},"image_meta":{"aperture":0,"credit":"","camera":"","caption":"","created_timestamp":0,"copyright":"","focal_length":0,"iso":0,"shutter_speed":0,"title":"M\u00e4rta J\u00f6nsson f. Olsson i Folkdr\u00e4kt"}},"post":98,"source_url":"http:\/\/jemten.se\/wp-content\/uploads\/2013\/01\/22.jpg","_links":{"self":[{"href":"http:\/\/jemten.se\/index.php?rest_route=\/wp\/v2\/media\/120","targetHints":{"allow":["GET"]}}],"collection":[{"href":"http:\/\/jemten.se\/index.php?rest_route=\/wp\/v2\/media"}],"about":[{"href":"http:\/\/jemten.se\/index.php?rest_route=\/wp\/v2\/types\/attachment"}],"author":[{"embeddable":true,"href":"http:\/\/jemten.se\/index.php?rest_route=\/wp\/v2\/users\/1"}],"replies":[{"embeddable":true,"href":"http:\/\/jemten.se\/index.php?rest_route=%2Fwp%2Fv2%2Fcomments&post=120"}],"wp:attached-to":[{"embeddable":true,"post_type":"page","id":98,"href":"http:\/\/jemten.se\/index.php?rest_route=\/wp\/v2\/pages\/98"}],"curies":[{"name":"wp","href":"https:\/\/api.w.org\/{rel}","templated":true}]}}

Märta Jönsson f. Olofsdotter (1902-1986)

<p>1928?. Tand. Dotter Märta i folkdräkt. (Thony) <a href="http://jemten.se/?attachment_id=120">Continue reading <span class="meta-nav">&rarr;</span></a></p>

Märta Jönsson f. Olsson i Folkdräkt
